{"id":1088,"date":"2024-10-11T15:08:45","date_gmt":"2024-10-11T15:08:45","guid":{"rendered":"https:\/\/rumbachzsinagoga.hu\/?post_type=esemeny&#038;p=1088"},"modified":"2024-10-11T15:16:13","modified_gmt":"2024-10-11T15:16:13","slug":"chagall-eltem-a-csodat","status":"publish","type":"esemeny","link":"https:\/\/rumbachzsinagoga.hu\/en\/esemeny\/chagall-eltem-a-csodat\/","title":{"rendered":"Chagall \u2013 \u00c9ltem a csod\u00e1t"},"content":{"rendered":"<p class=\"has-text-align-left\">Multim\u00e9dia-show Marc Chagall gondolataib\u00f3l, verseib\u0151l a j\u00f3l ismert k\u00e9pek h\u00e1romdimenzi\u00f3s vet\u00edtett form\u00e1j\u00e1ban, a k\u00e9pekre \u00e9s a gondolatokra, versekre kompon\u00e1lt zen\u00e9vel. Az alkot\u00f3k sz\u00e1nd\u00e9ka szerint a Chagall-sz\u00f6veg, az alkalomra kompon\u00e1lt zene \u00e9s a multim\u00e9di\u00e1s k\u00e9pek vet\u00edt\u00e9se egy\u00fcttesen egy negyedik dimenzi\u00f3s var\u00e1zslatot hoz l\u00e9tre.<\/p>\n\n\n\n<p class=\"has-text-align-left\"><br>A zene a Kossuth-d\u00edjas J\u00e1vori Ferenc, (Fegya) munk\u00e1ja, a k\u00e9pek megjelen\u00edt\u00e9s\u00e9r\u0151l a nemzetk\u00f6zi h\u00edr\u0171 Glowing Bulbs\/Ki\u00e9g\u0151 izz\u00f3k vizu\u00e1lis f\u00e9nyfest\u0151 csoport gondoskodik, a sz\u00f6vegeket az \u00f6tletad\u00f3, szerkeszt\u0151, Artisjus-d\u00edjas Havas Judit el\u0151ad\u00f3m\u0171v\u00e9sz tolm\u00e1csolja. <\/p>\n\n\n\n<p class=\"has-text-align-left\">K\u00f6zrem\u0171k\u00f6dik: Gazda Bence heged\u0171 T\u00e1rsszerkeszt\u0151: Petr\u00e1nyi Judit Konzulens Kovalik Bal\u00e1zs rendez\u0151 \u00e9s S. Nagy Katalin m\u0171v\u00e9szett\u00f6rt\u00e9n\u00e9sz Producer: Havas Mikl\u00f3s<\/p>","protected":false},"excerpt":{"rendered":"<p>Multim\u00e9dia-show Marc Chagall gondolataib\u00f3l, verseib\u0151l a j\u00f3l ismert k\u00e9pek h\u00e1romdimenzi\u00f3s vet\u00edtett form\u00e1j\u00e1ban, a k\u00e9pekre \u00e9s a gondolatokra, versekre kompon\u00e1lt zen\u00e9vel. Az alkot\u00f3k sz\u00e1nd\u00e9ka szerint a Chagall-sz\u00f6veg, az alkalomra kompon\u00e1lt zene \u00e9s a multim\u00e9di\u00e1s k\u00e9pek vet\u00edt\u00e9se egy\u00fcttesen egy negyedik dimenzi\u00f3s var\u00e1zslatot hoz l\u00e9tre. A zene a Kossuth-d\u00edjas J\u00e1vori Ferenc, (Fegya) munk\u00e1ja, a k\u00e9pek megjelen\u00edt\u00e9s\u00e9r\u0151l a nemzetk\u00f6zi [&hellip;]<\/p>","protected":false},"featured_media":1089,"parent":0,"menu_order":0,"template":"","meta":{"_acf_changed":false},"categories":[],"tags":[],"class_list":["post-1088","esemeny","type-esemeny","status-publish","has-post-thumbnail","hentry"],"acf":[],"_links":{"self":[{"href":"https:\/\/rumbachzsinagoga.hu\/en\/wp-json\/wp\/v2\/esemeny\/1088","targetHints":{"allow":["GET"]}}],"collection":[{"href":"https:\/\/rumbachzsinagoga.hu\/en\/wp-json\/wp\/v2\/esemeny"}],"about":[{"href":"https:\/\/rumbachzsinagoga.hu\/en\/wp-json\/wp\/v2\/types\/esemeny"}],"wp:featuredmedia":[{"embeddable":true,"href":"https:\/\/rumbachzsinagoga.hu\/en\/wp-json\/wp\/v2\/media\/1089"}],"wp:attachment":[{"href":"https:\/\/rumbachzsinagoga.hu\/en\/wp-json\/wp\/v2\/media?parent=1088"}],"wp:term":[{"taxonomy":"category","embeddable":true,"href":"https:\/\/rumbachzsinagoga.hu\/en\/wp-json\/wp\/v2\/categories?post=1088"},{"taxonomy":"post_tag","embeddable":true,"href":"https:\/\/rumbachzsinagoga.hu\/en\/wp-json\/wp\/v2\/tags?post=1088"}],"curies":[{"name":"wp","href":"https:\/\/api.w.org\/{rel}","templated":true}]}}

Chagall – Éltem a csodát

<p class="has-text-align-left">Multimédia-show Marc Chagall gondolataiból, verseiből a jól ismert képek háromdimenziós vetített formájában, a képekre és a gondolatokra, versekre komponált zenével. Az alkotók szándéka szerint a Chagall-szöveg, az alkalomra komponált zene és a multimédiás képek vetítése együttesen egy negyedik dimenziós varázslatot hoz létre.</p>



<p class="has-text-align-left"><br>A zene a Kossuth-díjas Jávori Ferenc, (Fegya) munkája, a képek megjelenítéséről a nemzetközi hírű Glowing Bulbs/Kiégő izzók vizuális fényfestő csoport gondoskodik, a szövegeket az ötletadó, szerkesztő, Artisjus-díjas Havas Judit előadóművész tolmácsolja. </p>



<p class="has-text-align-left">Közreműködik: Gazda Bence hegedű Társszerkesztő: Petrányi Judit Konzulens Kovalik Balázs rendező és S. Nagy Katalin művészettörténész Producer: Havas Miklós</p>

<p>Multimédia-show Marc Chagall gondolataiból, verseiből a jól ismert képek háromdimenziós vetített formájában, a képekre és a gondolatokra, versekre komponált zenével. Az alkotók szándéka szerint a Chagall-szöveg, az alkalomra komponált zene és a multimédiás képek vetítése együttesen egy negyedik dimenziós varázslatot hoz létre. A zene a Kossuth-díjas Jávori Ferenc, (Fegya) munkája, a képek megjelenítéséről a nemzetközi [&hellip;]</p>
