{"id":1093,"date":"2024-11-05T09:11:08","date_gmt":"2024-11-05T09:11:08","guid":{"rendered":"https:\/\/rumbachzsinagoga.hu\/?post_type=esemeny&#038;p=1093"},"modified":"2024-11-06T08:34:53","modified_gmt":"2024-11-06T08:34:53","slug":"radnoti-miklos-bori-notesz-osszmuveszeti-eloadas","status":"publish","type":"esemeny","link":"https:\/\/rumbachzsinagoga.hu\/en\/esemeny\/radnoti-miklos-bori-notesz-osszmuveszeti-eloadas\/","title":{"rendered":"TELTH\u00c1Z                                                        Radn\u00f3ti Mikl\u00f3s: Bori notesz \u2013 \u00f6sszm\u0171v\u00e9szeti el\u0151ad\u00e1s"},"content":{"rendered":"<h1 class=\"wp-block-heading\"><\/h1>\n\n\n\n<p> <\/p>\n\n\n\n<p>Radn\u00f3ti Mikl\u00f3s: Bori notesz \u2013 \u00f6sszm\u0171v\u00e9szeti el\u0151ad\u00e1s a Rumbachban<\/p>\n\n\n\n<p>A 80 \u00e9vvel ezel\u0151tt meggyilkolt Radn\u00f3ti Mikl\u00f3s \u201eBori notesz\u00e9ben\u201d t\u00edz vers maradt az ut\u00f3korra \u2013 ezek a hal\u00e1l \u00e1rny\u00e9k\u00e1nak v\u00f6lgy\u00e9ben sz\u00fcletett remekm\u0171vek k\u00e9pezik az alapj\u00e1t annak a monodr\u00e1ma el\u0151ad\u00e1snak, amelynek bemutat\u00f3ja a Rumbach-zsinag\u00f3g\u00e1ban lesz november 9-\u00e9n, szombaton este 8 \u00f3r\u00e1t\u00f3l. Az irodalmat dr\u00e1mai erej\u0171 t\u00e1nc \u00e9s zene eg\u00e9sz\u00edti ki \u2013 ez adja meg a produkci\u00f3 \u00f6sszm\u0171v\u00e9szeti jelleg\u00e9t. Az el\u0151ad\u00e1son k\u00f6zrem\u0171k\u00f6dik dr. N\u00f3gr\u00e1di Gergely f\u0151k\u00e1ntor.<\/p>\n\n\n\n<p>Az el\u0151ad\u00e1s hossza: 60 perc, sz\u00fcnet n\u00e9lk\u00fcl. Helyek elfoglal\u00e1sa \u00e9rkez\u00e9s szerint.<\/p>\n\n\n\n<p>A Holokauszt 80 Eml\u00e9k\u00e9v alkalm\u00e1b\u00f3l sz\u00fcletett monodr\u00e1ma el\u0151ad\u00e1s Radn\u00f3ti Mikl\u00f3s sz\u00fclet\u00e9s\u00e9nek a 115-ik, m\u00edg meggyilkol\u00e1s\u00e1nak 80-ik \u00e9vfordul\u00f3j\u00e1n ker\u00fcl sz\u00ednpadra: a produkci\u00f3ban S\u00fct\u0151 Andr\u00e1s sz\u00ednm\u0171v\u00e9sz alak\u00edtja a m\u00e1rt\u00edr-k\u00f6lt\u0151t, megid\u00e9zve utols\u00f3, v\u00e9gzetes \u00fatj\u00e1t.<\/p>\n\n\n\n<p>A \u201eBori notesz\u201d Radn\u00f3ti utols\u00f3, k\u00e9ziratban maradt verseit tartalmazza, amelyeket munkaszolg\u00e1latosk\u00e9nt \u00edrt a bori munkat\u00e1borokban, \u00e9s amelyekre a k\u00f6lt\u0151 holttest\u00e9nek exhum\u00e1l\u00e1sa sor\u00e1n bukkantak r\u00e1 az abdai t\u00f6megs\u00edrban. Radn\u00f3ti Mikl\u00f3snak utols\u00f3 t\u00edz verse a magyar irodalom tal\u00e1n legmegr\u00e1z\u00f3bb m\u0171vei, egyben a s\u00f6t\u00e9t rettenet kordokumentumai.<\/p>\n\n\n\n<p>Ez a sz\u00ednpadi el\u0151ad\u00e1s lehet\u0151s\u00e9get ny\u00fajt arra, hogy m\u00e9lyen \u00e1t\u00e9lj\u00fck a trag\u00e9di\u00e1t, s \u00fagy kapcsol\u00f3djunk az \u00fcld\u00f6ztet\u00e9s, a kiszolg\u00e1ltatotts\u00e1g f\u00e1jdalm\u00e1hoz, hogy egy\u00fattal a m\u0171v\u00e9szet mindent legy\u0151z\u0151 erej\u00e9nek seg\u00edts\u00e9g\u00e9vel villanjon fel a v\u00e9szkorszak s\u00f6t\u00e9ts\u00e9g\u00e9b\u0151l a rem\u00e9ny tal\u00e1n nem is halv\u00e1ny sugara. Az el\u0151ad\u00e1s a nemzeti eml\u00e9kezet kifejez\u0151d\u00e9se \u00e9s egyben tisztelg\u00e9s a 80 \u00e9ve meggyikolt Radn\u00f3ti Mikl\u00f3s el\u0151tt.<\/p>\n\n\n\n<p>Az \u00dclj K\u00f6zelebb Produkci\u00f3 alkot\u00f3i Rendez\u0151: Seres Tam\u00e1s; Radn\u00f3ti Mikl\u00f3s: S\u00fct\u0151 Andr\u00e1s; t\u00e1nc: Chifor L\u00e9n\u00e1rd, Izs\u00f3 Lajos Hunor; \u00e9nek: N\u00f3gr\u00e1di Gergely f\u0151k\u00e1ntor; koreogr\u00e1fus: Juh\u00e1sz Zsolt; zene: ifj. Cso\u00f3ri S\u00e1ndor; kreat\u00edv producer: Serf\u0151z\u0151 Kriszta; fot\u00f3k: B\u00e9csi Imre.<\/p>\n\n\n\n<p>* Ez az esem\u00e9ny a Holokauszt 80. Eml\u00e9k\u00e9v keret\u00e9ben val\u00f3sul meg. * Az id\u0151pont \u00e9s a programv\u00e1ltoztat\u00e1s jog\u00e1t fenntartjuk!Le\u00edr\u00e1s elrejt\u00e9se<\/p>","protected":false},"excerpt":{"rendered":"<p>Radn\u00f3ti Mikl\u00f3s: Bori notesz \u2013 \u00f6sszm\u0171v\u00e9szeti el\u0151ad\u00e1s a Rumbachban A 80 \u00e9vvel ezel\u0151tt meggyilkolt Radn\u00f3ti Mikl\u00f3s \u201eBori notesz\u00e9ben\u201d t\u00edz vers maradt az ut\u00f3korra \u2013 ezek a hal\u00e1l \u00e1rny\u00e9k\u00e1nak v\u00f6lgy\u00e9ben sz\u00fcletett remekm\u0171vek k\u00e9pezik az alapj\u00e1t annak a monodr\u00e1ma el\u0151ad\u00e1snak, amelynek bemutat\u00f3ja a Rumbach-zsinag\u00f3g\u00e1ban lesz november 9-\u00e9n, szombaton este 8 \u00f3r\u00e1t\u00f3l. Az irodalmat dr\u00e1mai erej\u0171 t\u00e1nc \u00e9s [&hellip;]<\/p>","protected":false},"featured_media":1095,"parent":0,"menu_order":0,"template":"","meta":{"_acf_changed":true},"categories":[],"tags":[],"class_list":["post-1093","esemeny","type-esemeny","status-publish","has-post-thumbnail","hentry"],"acf":[],"_links":{"self":[{"href":"https:\/\/rumbachzsinagoga.hu\/en\/wp-json\/wp\/v2\/esemeny\/1093","targetHints":{"allow":["GET"]}}],"collection":[{"href":"https:\/\/rumbachzsinagoga.hu\/en\/wp-json\/wp\/v2\/esemeny"}],"about":[{"href":"https:\/\/rumbachzsinagoga.hu\/en\/wp-json\/wp\/v2\/types\/esemeny"}],"wp:featuredmedia":[{"embeddable":true,"href":"https:\/\/rumbachzsinagoga.hu\/en\/wp-json\/wp\/v2\/media\/1095"}],"wp:attachment":[{"href":"https:\/\/rumbachzsinagoga.hu\/en\/wp-json\/wp\/v2\/media?parent=1093"}],"wp:term":[{"taxonomy":"category","embeddable":true,"href":"https:\/\/rumbachzsinagoga.hu\/en\/wp-json\/wp\/v2\/categories?post=1093"},{"taxonomy":"post_tag","embeddable":true,"href":"https:\/\/rumbachzsinagoga.hu\/en\/wp-json\/wp\/v2\/tags?post=1093"}],"curies":[{"name":"wp","href":"https:\/\/api.w.org\/{rel}","templated":true}]}}

TELTHÁZ                                                        Radnóti Miklós: Bori notesz – összművészeti előadás

<h1 class="wp-block-heading"></h1>



<p> </p>



<p>Radnóti Miklós: Bori notesz – összművészeti előadás a Rumbachban</p>



<p>A 80 évvel ezelőtt meggyilkolt Radnóti Miklós „Bori noteszében” tíz vers maradt az utókorra – ezek a halál árnyékának völgyében született remekművek képezik az alapját annak a monodráma előadásnak, amelynek bemutatója a Rumbach-zsinagógában lesz november 9-én, szombaton este 8 órától. Az irodalmat drámai erejű tánc és zene egészíti ki – ez adja meg a produkció összművészeti jellegét. Az előadáson közreműködik dr. Nógrádi Gergely főkántor.</p>



<p>Az előadás hossza: 60 perc, szünet nélkül. Helyek elfoglalása érkezés szerint.</p>



<p>A Holokauszt 80 Emlékév alkalmából született monodráma előadás Radnóti Miklós születésének a 115-ik, míg meggyilkolásának 80-ik évfordulóján kerül színpadra: a produkcióban Sütő András színművész alakítja a mártír-költőt, megidézve utolsó, végzetes útját.</p>



<p>A „Bori notesz” Radnóti utolsó, kéziratban maradt verseit tartalmazza, amelyeket munkaszolgálatosként írt a bori munkatáborokban, és amelyekre a költő holttestének exhumálása során bukkantak rá az abdai tömegsírban. Radnóti Miklósnak utolsó tíz verse a magyar irodalom talán legmegrázóbb művei, egyben a sötét rettenet kordokumentumai.</p>



<p>Ez a színpadi előadás lehetőséget nyújt arra, hogy mélyen átéljük a tragédiát, s úgy kapcsolódjunk az üldöztetés, a kiszolgáltatottság fájdalmához, hogy egyúttal a művészet mindent legyőző erejének segítségével villanjon fel a vészkorszak sötétségéből a remény talán nem is halvány sugara. Az előadás a nemzeti emlékezet kifejeződése és egyben tisztelgés a 80 éve meggyikolt Radnóti Miklós előtt.</p>



<p>Az Ülj Közelebb Produkció alkotói Rendező: Seres Tamás; Radnóti Miklós: Sütő András; tánc: Chifor Lénárd, Izsó Lajos Hunor; ének: Nógrádi Gergely főkántor; koreográfus: Juhász Zsolt; zene: ifj. Csoóri Sándor; kreatív producer: Serfőző Kriszta; fotók: Bécsi Imre.</p>



<p>* Ez az esemény a Holokauszt 80. Emlékév keretében valósul meg. * Az időpont és a programváltoztatás jogát fenntartjuk!Leírás elrejtése</p>

<p>Radnóti Miklós: Bori notesz – összművészeti előadás a Rumbachban A 80 évvel ezelőtt meggyilkolt Radnóti Miklós „Bori noteszében” tíz vers maradt az utókorra – ezek a halál árnyékának völgyében született remekművek képezik az alapját annak a monodráma előadásnak, amelynek bemutatója a Rumbach-zsinagógában lesz november 9-én, szombaton este 8 órától. Az irodalmat drámai erejű tánc és [&hellip;]</p>
