{"id":1097,"date":"2024-11-17T13:04:38","date_gmt":"2024-11-17T13:04:38","guid":{"rendered":"https:\/\/rumbachzsinagoga.hu\/?post_type=esemeny&#038;p=1097"},"modified":"2024-11-17T13:04:39","modified_gmt":"2024-11-17T13:04:39","slug":"omike-est-a-roby-lakatos-egyuttes-es-a-bfz-muveszeinek-kozos-koncertje","status":"publish","type":"esemeny","link":"https:\/\/rumbachzsinagoga.hu\/en\/esemeny\/omike-est-a-roby-lakatos-egyuttes-es-a-bfz-muveszeinek-kozos-koncertje\/","title":{"rendered":"OMIKE est &#8211; A Roby Lakatos egy\u00fcttes \u00e9s a BFZ m\u0171v\u00e9szeinek k\u00f6z\u00f6s koncertje"},"content":{"rendered":"<p>Egy \u00fajabb, m\u0171faj\u00e1ban is k\u00fcl\u00f6nleges OMIKE Esttel v\u00e1rjuk kedves k\u00f6z\u00f6ns\u00e9g\u00fcnket, 2024.december 01-\u00e9n 19.00. \u00f3rakor a Rumbach zsinag\u00f3g\u00e1ba!<\/p>\n\n\n\n<p>Ezen az&nbsp;<strong>OMIKE Esten \u2013 a Roby Lakatos Egy\u00fcttes \u00e9s a Budapesti Fesztiv\u00e1lzenekar m\u0171v\u00e9szeinek&nbsp;<\/strong>k\u00f6z\u00f6s koncertj\u00e9re ker\u00fcl sor.<br>&nbsp;<\/p>\n\n\n\n<p>A&nbsp;december 1.-\u00e9n 19.00.-kor kezd\u0151d\u0151 OMIKE Est a Rumbach zsinag\u00f3g\u00e1ban&nbsp;egy igazi kuri\u00f3zum, ahol&nbsp;<strong>Fischer Iv\u00e1n vend\u00e9gek\u00e9nt, Roby Lakatos, Lisztes Jen\u0151 \u00e9s a Budapesti Fesztiv\u00e1lzenekar kiv\u00e1l\u00f3 m\u0171v\u00e9szei, Bujtor Bal\u00e1zs, Sipos Csaba \u00e9s Herboly L\u00e1szl\u00f3 l\u00e9pnek fel.&nbsp;<\/strong><br>&nbsp;<\/p>\n\n\n\n<p>A m\u0171sor t\u00f6bbek k\u00f6z\u00f6tt, Bart\u00f3k B\u00e9la heged\u0171re \u00edrt duettje, valamint a Roby Lakatos egy\u00fcttes j\u00e1t\u00e9ka, illetve Roby Lakatos \u00e9s a BFZ m\u0171v\u00e9szeinek k\u00f6z\u00f6s el\u0151ad\u00e1sa lesz.<br>&nbsp; Az OMIKE Estek elmaradhatatlan irodalmi r\u00e9sz\u00e9ben&nbsp;<strong>Borsi-Balogh M\u00e1t\u00e9 sz\u00ednm\u0171v\u00e9sz zsid\u00f3 n\u00e9pmes\u00e9ket<\/strong>&nbsp;olvas majd fel. Az irodalmi r\u00e9sz szerkeszt\u0151je: B\u00edr\u00f3 Kriszta.<br>A nap h\u00e9ber bet\u0171j\u00e9t,&nbsp;most is&nbsp;<strong>Zeitler \u00c1d\u00e1m rabbi&nbsp;<\/strong>tan\u00edtja meg.&nbsp;<br><\/p>","protected":false},"excerpt":{"rendered":"<p>Egy \u00fajabb, m\u0171faj\u00e1ban is k\u00fcl\u00f6nleges OMIKE Esttel v\u00e1rjuk kedves k\u00f6z\u00f6ns\u00e9g\u00fcnket, 2024.december 01-\u00e9n 19.00. \u00f3rakor a Rumbach zsinag\u00f3g\u00e1ba! Ezen az&nbsp;OMIKE Esten \u2013 a Roby Lakatos Egy\u00fcttes \u00e9s a Budapesti Fesztiv\u00e1lzenekar m\u0171v\u00e9szeinek&nbsp;k\u00f6z\u00f6s koncertj\u00e9re ker\u00fcl sor.&nbsp; A&nbsp;december 1.-\u00e9n 19.00.-kor kezd\u0151d\u0151 OMIKE Est a Rumbach zsinag\u00f3g\u00e1ban&nbsp;egy igazi kuri\u00f3zum, ahol&nbsp;Fischer Iv\u00e1n vend\u00e9gek\u00e9nt, Roby Lakatos, Lisztes Jen\u0151 \u00e9s a Budapesti Fesztiv\u00e1lzenekar [&hellip;]<\/p>","protected":false},"featured_media":1011,"parent":0,"menu_order":0,"template":"","meta":{"_acf_changed":true},"categories":[],"tags":[],"class_list":["post-1097","esemeny","type-esemeny","status-publish","has-post-thumbnail","hentry"],"acf":[],"_links":{"self":[{"href":"https:\/\/rumbachzsinagoga.hu\/en\/wp-json\/wp\/v2\/esemeny\/1097","targetHints":{"allow":["GET"]}}],"collection":[{"href":"https:\/\/rumbachzsinagoga.hu\/en\/wp-json\/wp\/v2\/esemeny"}],"about":[{"href":"https:\/\/rumbachzsinagoga.hu\/en\/wp-json\/wp\/v2\/types\/esemeny"}],"wp:featuredmedia":[{"embeddable":true,"href":"https:\/\/rumbachzsinagoga.hu\/en\/wp-json\/wp\/v2\/media\/1011"}],"wp:attachment":[{"href":"https:\/\/rumbachzsinagoga.hu\/en\/wp-json\/wp\/v2\/media?parent=1097"}],"wp:term":[{"taxonomy":"category","embeddable":true,"href":"https:\/\/rumbachzsinagoga.hu\/en\/wp-json\/wp\/v2\/categories?post=1097"},{"taxonomy":"post_tag","embeddable":true,"href":"https:\/\/rumbachzsinagoga.hu\/en\/wp-json\/wp\/v2\/tags?post=1097"}],"curies":[{"name":"wp","href":"https:\/\/api.w.org\/{rel}","templated":true}]}}

OMIKE est &#8211; A Roby Lakatos együttes és a BFZ művészeinek közös koncertje

<p>Egy újabb, műfajában is különleges OMIKE Esttel várjuk kedves közönségünket, 2024.december 01-én 19.00. órakor a Rumbach zsinagógába!</p>



<p>Ezen az&nbsp;<strong>OMIKE Esten – a Roby Lakatos Együttes és a Budapesti Fesztiválzenekar művészeinek&nbsp;</strong>közös koncertjére kerül sor.<br>&nbsp;</p>



<p>A&nbsp;december 1.-én 19.00.-kor kezdődő OMIKE Est a Rumbach zsinagógában&nbsp;egy igazi kuriózum, ahol&nbsp;<strong>Fischer Iván vendégeként, Roby Lakatos, Lisztes Jenő és a Budapesti Fesztiválzenekar kiváló művészei, Bujtor Balázs, Sipos Csaba és Herboly László lépnek fel.&nbsp;</strong><br>&nbsp;</p>



<p>A műsor többek között, Bartók Béla hegedűre írt duettje, valamint a Roby Lakatos együttes játéka, illetve Roby Lakatos és a BFZ művészeinek közös előadása lesz.<br>&nbsp; Az OMIKE Estek elmaradhatatlan irodalmi részében&nbsp;<strong>Borsi-Balogh Máté színművész zsidó népmeséket</strong>&nbsp;olvas majd fel. Az irodalmi rész szerkesztője: Bíró Kriszta.<br>A nap héber betűjét,&nbsp;most is&nbsp;<strong>Zeitler Ádám rabbi&nbsp;</strong>tanítja meg.&nbsp;<br></p>

<p>Egy újabb, műfajában is különleges OMIKE Esttel várjuk kedves közönségünket, 2024.december 01-én 19.00. órakor a Rumbach zsinagógába! Ezen az&nbsp;OMIKE Esten – a Roby Lakatos Együttes és a Budapesti Fesztiválzenekar művészeinek&nbsp;közös koncertjére kerül sor.&nbsp; A&nbsp;december 1.-én 19.00.-kor kezdődő OMIKE Est a Rumbach zsinagógában&nbsp;egy igazi kuriózum, ahol&nbsp;Fischer Iván vendégeként, Roby Lakatos, Lisztes Jenő és a Budapesti Fesztiválzenekar [&hellip;]</p>
