{"id":1114,"date":"2025-02-26T08:44:41","date_gmt":"2025-02-26T08:44:41","guid":{"rendered":"https:\/\/rumbachzsinagoga.hu\/?post_type=esemeny&#038;p=1114"},"modified":"2025-02-26T08:44:42","modified_gmt":"2025-02-26T08:44:42","slug":"kolteszet-es-muzsika-wunderlich-jozsef-es-bach-kata-estje","status":"publish","type":"esemeny","link":"https:\/\/rumbachzsinagoga.hu\/en\/esemeny\/kolteszet-es-muzsika-wunderlich-jozsef-es-bach-kata-estje\/","title":{"rendered":"K\u00f6lt\u00e9szet \u00e9s muzsika \u2013 Wunderlich J\u00f3zsef \u00e9s Bach Kata estje"},"content":{"rendered":"<p>Az \u201e\u00dasztunk lebegve tov\u00e1bb\u201d c\u00edm\u0171 zen\u00e9s-verses est a Rumbach Sebesty\u00e9n utcai zsinag\u00f3g\u00e1ban 2025. m\u00e1rcius 20-\u00e1n, cs\u00fct\u00f6rt\u00f6k\u00f6n este 7 \u00f3rakor. A V\u00edgsz\u00ednh\u00e1z n\u00e9pszer\u0171 m\u0171v\u00e9szei, Wunderlich J\u00f3zsef \u00e9s Bach Kata, Pet\u0151fi S\u00e1ndor, Szab\u00f3 T. Anna \u00e9s Gutai Magda verseit, valamint Wunderlich J\u00f3zsef saj\u00e1t k\u00f6ltem\u00e9nyeit \u00e9s dalait adj\u00e1k el\u0151. Jegy\u00e1r egys\u00e9gesen: 4500 forint.<\/p>\n\n\n\n<p>\u201eWunderlich J\u00f3zsef a V\u00edgsz\u00ednh\u00e1z k\u00f6zismert sz\u00edn\u00e9sze, A P\u00e1l utcai fi\u00fak c\u00edm\u0171 n\u00e9pszer\u0171 darabban Bok\u00e1t, A Padl\u00e1sban R\u00e1di\u00f3st, A nagy Gatsbyben pedig a c\u00edmszerepl\u0151t alak\u00edtja. 2016-ban Junior Prima D\u00edjjal t\u00fcntett\u00e9k ki \u00e9s elnyerte a Ruttkai \u00c9va-eml\u00e9kd\u00edjat is, 2017-ben So\u00f3s Imre-d\u00edjat kapott. 2020 szeptember\u00e9ben jelent meg Wunderlich J\u00f3zsef els\u0151 \u00f6n\u00e1ll\u00f3 lemeze, SKIZ\u00f3 c\u00edmmel, 2022-ben pedig Sz\u00edvre megy c\u00edm\u0171 m\u00e1sodik lemeze.<\/p>\n\n\n\n<p>Legt\u00f6bbsz\u00f6r saj\u00e1t szerzem\u00e9nyeivel koncertezik, de a francia sanzont\u00f3l kezdve a musical dalokon \u00e1t eg\u00e9szen a rockoper\u00e1ig sokf\u00e9le m\u0171fajban otthonosan mozog, rendszeresen fell\u00e9p D\u00e9s L\u00e1szl\u00f3val \u00e9s Presser G\u00e1borral, valamint a Grund v\u00edgsz\u00ednh\u00e1zi fi\u00fazenekar egyik alap\u00edt\u00f3tagja. Legut\u00f3bbi c\u00edmszerepe a V\u00edgsz\u00ednh\u00e1zban a Krum. K\u00e9t gyermek \u00e9desapja.\u201d<\/p>\n\n\n\n<p>A zen\u00e9s est sor\u00e1n a V\u00edgsz\u00ednh\u00e1z m\u0171v\u00e9szei Pet\u0151fi S\u00e1ndor, Szab\u00f3 T. Anna, Gutai Magda toll\u00e1b\u00f3l v\u00e1logatnak verseket, valamint kieg\u00e9sz\u00edtik Wunderlich J\u00f3zsef saj\u00e1t verseivel, dalaival. A dalok el\u0151ad\u00e1s\u00e1ban Wunderlich J\u00f3zsef mag\u00e1t seg\u00edti zongora, vagy git\u00e1r j\u00e1t\u00e9k\u00e1val. A m\u0171sorban k\u00f6zrem\u0171k\u00f6dik feles\u00e9ge, Bach Kata, a V\u00edgsz\u00ednh\u00e1z m\u0171v\u00e9szn\u0151je.<\/p>\n\n\n\n<p>Ezen az est\u00e9n a k\u00f6lt\u00e9szet \u00e9s a zene harm\u00f3ni\u00e1ja k\u00fcl\u00f6nleges \u00e9lm\u00e9nnyel aj\u00e1nd\u00e9kozza meg a k\u00f6z\u00f6ns\u00e9get, melyet a zsinag\u00f3ga impoz\u00e1ns k\u00f6rnyezete \u00e9s a m\u0171v\u00e9szek k\u00fcl\u00f6nleges el\u0151ad\u00e1sa tesz felejthetetlenn\u00e9. Nem \u00e9rdemes kihagyni!<\/p>","protected":false},"excerpt":{"rendered":"<p>Az \u201e\u00dasztunk lebegve tov\u00e1bb\u201d c\u00edm\u0171 zen\u00e9s-verses est a Rumbach Sebesty\u00e9n utcai zsinag\u00f3g\u00e1ban 2025. m\u00e1rcius 20-\u00e1n, cs\u00fct\u00f6rt\u00f6k\u00f6n este 7 \u00f3rakor. A V\u00edgsz\u00ednh\u00e1z n\u00e9pszer\u0171 m\u0171v\u00e9szei, Wunderlich J\u00f3zsef \u00e9s Bach Kata, Pet\u0151fi S\u00e1ndor, Szab\u00f3 T. Anna \u00e9s Gutai Magda verseit, valamint Wunderlich J\u00f3zsef saj\u00e1t k\u00f6ltem\u00e9nyeit \u00e9s dalait adj\u00e1k el\u0151. Jegy\u00e1r egys\u00e9gesen: 4500 forint. \u201eWunderlich J\u00f3zsef a V\u00edgsz\u00ednh\u00e1z k\u00f6zismert [&hellip;]<\/p>","protected":false},"featured_media":1115,"parent":0,"menu_order":0,"template":"","meta":{"_acf_changed":true},"categories":[],"tags":[],"class_list":["post-1114","esemeny","type-esemeny","status-publish","has-post-thumbnail","hentry"],"acf":[],"_links":{"self":[{"href":"https:\/\/rumbachzsinagoga.hu\/en\/wp-json\/wp\/v2\/esemeny\/1114","targetHints":{"allow":["GET"]}}],"collection":[{"href":"https:\/\/rumbachzsinagoga.hu\/en\/wp-json\/wp\/v2\/esemeny"}],"about":[{"href":"https:\/\/rumbachzsinagoga.hu\/en\/wp-json\/wp\/v2\/types\/esemeny"}],"wp:featuredmedia":[{"embeddable":true,"href":"https:\/\/rumbachzsinagoga.hu\/en\/wp-json\/wp\/v2\/media\/1115"}],"wp:attachment":[{"href":"https:\/\/rumbachzsinagoga.hu\/en\/wp-json\/wp\/v2\/media?parent=1114"}],"wp:term":[{"taxonomy":"category","embeddable":true,"href":"https:\/\/rumbachzsinagoga.hu\/en\/wp-json\/wp\/v2\/categories?post=1114"},{"taxonomy":"post_tag","embeddable":true,"href":"https:\/\/rumbachzsinagoga.hu\/en\/wp-json\/wp\/v2\/tags?post=1114"}],"curies":[{"name":"wp","href":"https:\/\/api.w.org\/{rel}","templated":true}]}}

Költészet és muzsika – Wunderlich József és Bach Kata estje

<p>Az „Úsztunk lebegve tovább” című zenés-verses est a Rumbach Sebestyén utcai zsinagógában 2025. március 20-án, csütörtökön este 7 órakor. A Vígszínház népszerű művészei, Wunderlich József és Bach Kata, Petőfi Sándor, Szabó T. Anna és Gutai Magda verseit, valamint Wunderlich József saját költeményeit és dalait adják elő. Jegyár egységesen: 4500 forint.</p>



<p>„Wunderlich József a Vígszínház közismert színésze, A Pál utcai fiúk című népszerű darabban Bokát, A Padlásban Rádióst, A nagy Gatsbyben pedig a címszereplőt alakítja. 2016-ban Junior Prima Díjjal tüntették ki és elnyerte a Ruttkai Éva-emlékdíjat is, 2017-ben Soós Imre-díjat kapott. 2020 szeptemberében jelent meg Wunderlich József első önálló lemeze, SKIZó címmel, 2022-ben pedig Szívre megy című második lemeze.</p>



<p>Legtöbbször saját szerzeményeivel koncertezik, de a francia sanzontól kezdve a musical dalokon át egészen a rockoperáig sokféle műfajban otthonosan mozog, rendszeresen fellép Dés Lászlóval és Presser Gáborral, valamint a Grund vígszínházi fiúzenekar egyik alapítótagja. Legutóbbi címszerepe a Vígszínházban a Krum. Két gyermek édesapja.”</p>



<p>A zenés est során a Vígszínház művészei Petőfi Sándor, Szabó T. Anna, Gutai Magda tollából válogatnak verseket, valamint kiegészítik Wunderlich József saját verseivel, dalaival. A dalok előadásában Wunderlich József magát segíti zongora, vagy gitár játékával. A műsorban közreműködik felesége, Bach Kata, a Vígszínház művésznője.</p>



<p>Ezen az estén a költészet és a zene harmóniája különleges élménnyel ajándékozza meg a közönséget, melyet a zsinagóga impozáns környezete és a művészek különleges előadása tesz felejthetetlenné. Nem érdemes kihagyni!</p>

<p>Az „Úsztunk lebegve tovább” című zenés-verses est a Rumbach Sebestyén utcai zsinagógában 2025. március 20-án, csütörtökön este 7 órakor. A Vígszínház népszerű művészei, Wunderlich József és Bach Kata, Petőfi Sándor, Szabó T. Anna és Gutai Magda verseit, valamint Wunderlich József saját költeményeit és dalait adják elő. Jegyár egységesen: 4500 forint. „Wunderlich József a Vígszínház közismert [&hellip;]</p>
