{"id":1116,"date":"2025-02-27T10:53:16","date_gmt":"2025-02-27T10:53:16","guid":{"rendered":"https:\/\/rumbachzsinagoga.hu\/?post_type=esemeny&#038;p=1116"},"modified":"2025-02-27T10:53:17","modified_gmt":"2025-02-27T10:53:17","slug":"steyt-a-boher-zenes-purimi-jiddis-est","status":"publish","type":"esemeny","link":"https:\/\/rumbachzsinagoga.hu\/en\/esemeny\/steyt-a-boher-zenes-purimi-jiddis-est\/","title":{"rendered":"Steyt a boher&#8230;Zen\u00e9s purimi jiddis est"},"content":{"rendered":"<p><strong>Ezen a k\u00fcl\u00f6nleges est\u00e9n rendhagy\u00f3 m\u00f3don t\u00e1rulnak fel azok a bonyolult emberi kapcsolatok \u00e9s kavarg\u00f3 \u00e9rzelmek, amelyek m\u00e9lyen \u00e1thatj\u00e1k a purimi \u00fcnnep t\u00f6rt\u00e9net\u00e9t. Csatlakozzon hozz\u00e1nk \u00e9s \u00e9lj\u00fck \u00e1t k\u00f6z\u00f6sen az \u00fcnnep var\u00e1zs\u00e1t Gregor Bernadett sz\u00edn\u00e9szn\u0151-\u00e9nekesn\u0151vel, Zucker Imm\u00e1nuel f\u0151k\u00e1ntorral \u00e9s Budai Mikl\u00f3s k\u00e1ntorral.<\/strong><a href=\"https:\/\/zsinagoga.jegy.hu\/program\/steyt-a-boher-zenes-purimi-jiddis-est-172640\/1248419\" target=\"_blank\" rel=\"noreferrer noopener\">&nbsp;Jegy\u00e1r egys\u00e9gesen: 3900 forint<\/a><strong>.<\/strong><\/p>\n\n\n\n<p><strong>F\u00e1jdalom \u00e9s vesztes\u00e9g. T\u00fal\u00e9l\u00e9s \u00e9s gy\u0151zelem.&nbsp;<\/strong>A zsid\u00f3 l\u00e9lek \u00f6sszetetts\u00e9ge ott visszhangzik a jiddis dallamokban, s egyed\u00fcl\u00e1ll\u00f3 harm\u00f3ni\u00e1t teremt az el\u0151ad\u00f3k, a zen\u00e9szek \u00e9s a k\u00f6z\u00f6ns\u00e9g k\u00f6z\u00f6tt. A jiddis dallamvil\u00e1g a k\u00f6z\u00e9p-kelet-eur\u00f3pai zsid\u00f3s\u00e1g gazdag kult\u00far\u00e1j\u00e1b\u00f3l sz\u00e1rmazik, amely mer\u00edtett a helyi nem zsid\u00f3 n\u00e9pzenei hagyom\u00e1nyb\u00f3l \u00e9pp\u00fagy, mint a zsid\u00f3 liturgi\u00e1b\u00f3l. A jiddis nyelv, amely a k\u00f6z\u00e9pkori n\u00e9met dialektusokb\u00f3l fejl\u0151d\u00f6tt \u00e9s h\u00e9ber, valamint szl\u00e1v elemekkel keveredett, nemcsak a zsid\u00f3 k\u00f6z\u00f6ss\u00e9gek mindennapi kommunik\u00e1ci\u00f3j\u00e1nak eszk\u00f6ze volt, hanem irodalmi, sz\u00ednh\u00e1zi \u00e9s zenei alkot\u00e1sok nyelve is.<\/p>\n\n\n\n<p><strong>Az est var\u00e1zs\u00e1t a purim \u00e9s a jiddis dallamvil\u00e1g keser\u00e9des erej\u00e9n t\u00fal a fell\u00e9p\u0151 m\u0171v\u00e9szek adj\u00e1k<\/strong>. Purimkor a zsid\u00f3 k\u00f6z\u00f6ss\u00e9gek a megmenek\u00fcl\u00e9st \u00e9s a t\u00fal\u00e9l\u00e9st \u00fcnneplik. Hagyom\u00e1nyaink r\u00e9sze a Megila (Eszter k\u00f6nyv\u00e9nek) felolvas\u00e1sa, jelmezes mulats\u00e1g, adakoz\u00e1s a szeg\u00e9nyeknek \u00e9s aj\u00e1nd\u00e9kok (mislo\u00e1h m\u00e1not) k\u00fcld\u00e9se bar\u00e1toknak. Az \u00fcnnep vid\u00e1ms\u00e1ga \u00e9s k\u00fcl\u00f6nleges hangulata visszak\u00f6sz\u00f6n az egyszerre melankolikus \u00e9s szellemes jiddis dalokban.<\/p>","protected":false},"excerpt":{"rendered":"<p>Ezen a k\u00fcl\u00f6nleges est\u00e9n rendhagy\u00f3 m\u00f3don t\u00e1rulnak fel azok a bonyolult emberi kapcsolatok \u00e9s kavarg\u00f3 \u00e9rzelmek, amelyek m\u00e9lyen \u00e1thatj\u00e1k a purimi \u00fcnnep t\u00f6rt\u00e9net\u00e9t. Csatlakozzon hozz\u00e1nk \u00e9s \u00e9lj\u00fck \u00e1t k\u00f6z\u00f6sen az \u00fcnnep var\u00e1zs\u00e1t Gregor Bernadett sz\u00edn\u00e9szn\u0151-\u00e9nekesn\u0151vel, Zucker Imm\u00e1nuel f\u0151k\u00e1ntorral \u00e9s Budai Mikl\u00f3s k\u00e1ntorral.&nbsp;Jegy\u00e1r egys\u00e9gesen: 3900 forint. F\u00e1jdalom \u00e9s vesztes\u00e9g. T\u00fal\u00e9l\u00e9s \u00e9s gy\u0151zelem.&nbsp;A zsid\u00f3 l\u00e9lek \u00f6sszetetts\u00e9ge ott [&hellip;]<\/p>","protected":false},"featured_media":1117,"parent":0,"menu_order":0,"template":"","meta":{"_acf_changed":true},"categories":[],"tags":[],"class_list":["post-1116","esemeny","type-esemeny","status-publish","has-post-thumbnail","hentry"],"acf":[],"_links":{"self":[{"href":"https:\/\/rumbachzsinagoga.hu\/en\/wp-json\/wp\/v2\/esemeny\/1116","targetHints":{"allow":["GET"]}}],"collection":[{"href":"https:\/\/rumbachzsinagoga.hu\/en\/wp-json\/wp\/v2\/esemeny"}],"about":[{"href":"https:\/\/rumbachzsinagoga.hu\/en\/wp-json\/wp\/v2\/types\/esemeny"}],"wp:featuredmedia":[{"embeddable":true,"href":"https:\/\/rumbachzsinagoga.hu\/en\/wp-json\/wp\/v2\/media\/1117"}],"wp:attachment":[{"href":"https:\/\/rumbachzsinagoga.hu\/en\/wp-json\/wp\/v2\/media?parent=1116"}],"wp:term":[{"taxonomy":"category","embeddable":true,"href":"https:\/\/rumbachzsinagoga.hu\/en\/wp-json\/wp\/v2\/categories?post=1116"},{"taxonomy":"post_tag","embeddable":true,"href":"https:\/\/rumbachzsinagoga.hu\/en\/wp-json\/wp\/v2\/tags?post=1116"}],"curies":[{"name":"wp","href":"https:\/\/api.w.org\/{rel}","templated":true}]}}

Steyt a boher&#8230;Zenés purimi jiddis est

<p><strong>Ezen a különleges estén rendhagyó módon tárulnak fel azok a bonyolult emberi kapcsolatok és kavargó érzelmek, amelyek mélyen áthatják a purimi ünnep történetét. Csatlakozzon hozzánk és éljük át közösen az ünnep varázsát Gregor Bernadett színésznő-énekesnővel, Zucker Immánuel főkántorral és Budai Miklós kántorral.</strong><a href="https://zsinagoga.jegy.hu/program/steyt-a-boher-zenes-purimi-jiddis-est-172640/1248419" target="_blank" rel="noreferrer noopener">&nbsp;Jegyár egységesen: 3900 forint</a><strong>.</strong></p>



<p><strong>Fájdalom és veszteség. Túlélés és győzelem.&nbsp;</strong>A zsidó lélek összetettsége ott visszhangzik a jiddis dallamokban, s egyedülálló harmóniát teremt az előadók, a zenészek és a közönség között. A jiddis dallamvilág a közép-kelet-európai zsidóság gazdag kultúrájából származik, amely merített a helyi nem zsidó népzenei hagyományból éppúgy, mint a zsidó liturgiából. A jiddis nyelv, amely a középkori német dialektusokból fejlődött és héber, valamint szláv elemekkel keveredett, nemcsak a zsidó közösségek mindennapi kommunikációjának eszköze volt, hanem irodalmi, színházi és zenei alkotások nyelve is.</p>



<p><strong>Az est varázsát a purim és a jiddis dallamvilág keserédes erején túl a fellépő művészek adják</strong>. Purimkor a zsidó közösségek a megmenekülést és a túlélést ünneplik. Hagyományaink része a Megila (Eszter könyvének) felolvasása, jelmezes mulatság, adakozás a szegényeknek és ajándékok (misloáh mánot) küldése barátoknak. Az ünnep vidámsága és különleges hangulata visszaköszön az egyszerre melankolikus és szellemes jiddis dalokban.</p>

<p>Ezen a különleges estén rendhagyó módon tárulnak fel azok a bonyolult emberi kapcsolatok és kavargó érzelmek, amelyek mélyen áthatják a purimi ünnep történetét. Csatlakozzon hozzánk és éljük át közösen az ünnep varázsát Gregor Bernadett színésznő-énekesnővel, Zucker Immánuel főkántorral és Budai Miklós kántorral.&nbsp;Jegyár egységesen: 3900 forint. Fájdalom és veszteség. Túlélés és győzelem.&nbsp;A zsidó lélek összetettsége ott [&hellip;]</p>
