{"id":1130,"date":"2025-04-24T06:40:29","date_gmt":"2025-04-24T06:40:29","guid":{"rendered":"https:\/\/rumbachzsinagoga.hu\/?post_type=esemeny&#038;p=1130"},"modified":"2025-04-24T06:40:30","modified_gmt":"2025-04-24T06:40:30","slug":"uj-dalt-enekelek-neked-suranyi-andras-filmjenek-vetitese-fischer-ivanrol","status":"publish","type":"esemeny","link":"https:\/\/rumbachzsinagoga.hu\/en\/esemeny\/uj-dalt-enekelek-neked-suranyi-andras-filmjenek-vetitese-fischer-ivanrol\/","title":{"rendered":"\u201c\u00daj dalt \u00e9nekelek neked\u201d &#8211; Sur\u00e1nyi Andr\u00e1s filmj\u00e9nek vet\u00edt\u00e9se Fischer Iv\u00e1nr\u00f3l"},"content":{"rendered":"<p>M\u0171sor:<br>Fischer Iv\u00e1n: Shudh Sarang &#8211; szextett<br>Sipos G\u00e1bor &#8211; heged\u0171<br>Eckhardt Violetta &#8211; heged\u0171<br>Csoma \u00c1gnes &#8211; br\u00e1csa<br>Sov\u00e1ny Rita &#8211; csell\u00f3<br>Fej\u00e9rv\u00e1ri Zsolt &#8211; nagyb\u0151g\u0151<br>Nyusztay Iv\u00e1n &#8211; tabla<\/p>\n\n\n\n<p>A nap bet\u0171je: jod<br>megtan\u00edtja: Zeitler \u00c1d\u00e1m, a Lauder iskola rabbija<\/p>","protected":false},"excerpt":{"rendered":"<p>M\u0171sor:Fischer Iv\u00e1n: Shudh Sarang &#8211; szextettSipos G\u00e1bor &#8211; heged\u0171Eckhardt Violetta &#8211; heged\u0171Csoma \u00c1gnes &#8211; br\u00e1csaSov\u00e1ny Rita &#8211; csell\u00f3Fej\u00e9rv\u00e1ri Zsolt &#8211; nagyb\u0151g\u0151Nyusztay Iv\u00e1n &#8211; tabla A nap bet\u0171je: jodmegtan\u00edtja: Zeitler \u00c1d\u00e1m, a Lauder iskola rabbija<\/p>","protected":false},"featured_media":1011,"parent":0,"menu_order":0,"template":"","meta":{"_acf_changed":true},"categories":[],"tags":[],"class_list":["post-1130","esemeny","type-esemeny","status-publish","has-post-thumbnail","hentry"],"acf":[],"_links":{"self":[{"href":"https:\/\/rumbachzsinagoga.hu\/en\/wp-json\/wp\/v2\/esemeny\/1130","targetHints":{"allow":["GET"]}}],"collection":[{"href":"https:\/\/rumbachzsinagoga.hu\/en\/wp-json\/wp\/v2\/esemeny"}],"about":[{"href":"https:\/\/rumbachzsinagoga.hu\/en\/wp-json\/wp\/v2\/types\/esemeny"}],"wp:featuredmedia":[{"embeddable":true,"href":"https:\/\/rumbachzsinagoga.hu\/en\/wp-json\/wp\/v2\/media\/1011"}],"wp:attachment":[{"href":"https:\/\/rumbachzsinagoga.hu\/en\/wp-json\/wp\/v2\/media?parent=1130"}],"wp:term":[{"taxonomy":"category","embeddable":true,"href":"https:\/\/rumbachzsinagoga.hu\/en\/wp-json\/wp\/v2\/categories?post=1130"},{"taxonomy":"post_tag","embeddable":true,"href":"https:\/\/rumbachzsinagoga.hu\/en\/wp-json\/wp\/v2\/tags?post=1130"}],"curies":[{"name":"wp","href":"https:\/\/api.w.org\/{rel}","templated":true}]}}

“Új dalt énekelek neked” &#8211; Surányi András filmjének vetítése Fischer Ivánról

<p>Műsor:<br>Fischer Iván: Shudh Sarang &#8211; szextett<br>Sipos Gábor &#8211; hegedű<br>Eckhardt Violetta &#8211; hegedű<br>Csoma Ágnes &#8211; brácsa<br>Sovány Rita &#8211; cselló<br>Fejérvári Zsolt &#8211; nagybőgő<br>Nyusztay Iván &#8211; tabla</p>



<p>A nap betűje: jod<br>megtanítja: Zeitler Ádám, a Lauder iskola rabbija</p>

<p>Műsor:Fischer Iván: Shudh Sarang &#8211; szextettSipos Gábor &#8211; hegedűEckhardt Violetta &#8211; hegedűCsoma Ágnes &#8211; brácsaSovány Rita &#8211; csellóFejérvári Zsolt &#8211; nagybőgőNyusztay Iván &#8211; tabla A nap betűje: jodmegtanítja: Zeitler Ádám, a Lauder iskola rabbija</p>
