{"id":1134,"date":"2025-05-20T09:46:02","date_gmt":"2025-05-20T09:46:02","guid":{"rendered":"https:\/\/rumbachzsinagoga.hu\/?post_type=esemeny&#038;p=1134"},"modified":"2025-05-20T09:46:02","modified_gmt":"2025-05-20T09:46:02","slug":"hrutka-robert-lathatatlan-szepseg-fur-anikoval-es-schmidt-veraval","status":"publish","type":"esemeny","link":"https:\/\/rumbachzsinagoga.hu\/en\/esemeny\/hrutka-robert-lathatatlan-szepseg-fur-anikoval-es-schmidt-veraval\/","title":{"rendered":"Hrutka R\u00f3bert: L\u00e1thatatlan sz\u00e9ps\u00e9g F\u00fcr Anik\u00f3val \u00e9s Schmidt Ver\u00e1val"},"content":{"rendered":"<p><strong>Hrutka R\u00f3bert Artisjus- \u00e9s Fonogram-d\u00edjas zeneszerz\u0151 k\u00fcl\u00f6nleges koncertre v\u00e1rja a k\u00f6z\u00f6ns\u00e9get 2025. j\u00fanius 26-\u00e1n, cs\u00fct\u00f6rt\u00f6k este 19 \u00f3rakor a Rumbach Sebesty\u00e9n utcai zsinag\u00f3g\u00e1ban. A m\u0171sorban sz\u00ednpadra l\u00e9p k\u00e9t kiv\u00e9teles tehets\u00e9g\u0171 m\u0171v\u00e9szn\u0151, F\u00fcr Anik\u00f3 \u00e9s Schmidt Vera is. Jegy\u00e1rak: 6500 forint.<\/strong><\/p>\n\n\n\n<p>Ezen az est\u00e9n a vers, a zene \u00e9s a gondolatok h\u00e1rmasa olyan vil\u00e1ga id\u00e9z\u0151dik meg, amelyben felt\u00e1rul a l\u00e1thatatlan&#8230; Hiszen vannak pillanatok, amiket elfelejt\u00fcnk meg\u00e9lni&#8230; Vannak dallamok, amiket nem hallunk meg&#8230; Versek, amelyek olvasatlanok maradnak&#8230; \u00c9s ha olykor \u00fagy \u00e9rezz\u00fck, egyed\u00fcl maradtunk a vil\u00e1gban, csak hagynunk kell, hadd mutassa meg mag\u00e1t az a titokzatos valami, ami \u00e9szrev\u00e9tlen\u00fcl is k\u00f6rbevesz minket: a l\u00e1thatatlan sz\u00e9ps\u00e9g.<\/p>\n\n\n\n<p>Hrutka R\u00f3bert zeneszerz\u0151i \u00e9s \u00e9nekesi munk\u00e1ss\u00e1g\u00e1t sz\u00e1mos hazai \u00e9s k\u00fclf\u00f6ldi el\u0151ad\u00f3nak, sz\u00edn\u00e9szn\u0151nek \u00edrt dal, valamint sz\u00ednh\u00e1zi, balett- \u00e9s filmzenei kompoz\u00edci\u00f3 f\u00e9mjelzi. A kort\u00e1rs k\u00f6lt\u0151k, \u00edr\u00f3k bar\u00e1ts\u00e1ga \u00e9s a k\u00f6z\u00f6s irodalmi estek h\u00edvt\u00e1k \u00e9letre ezt az \u00e9rzelmekben gazdag, zen\u00e9s utaz\u00e1st a kiv\u00e1l\u00f3 zen\u00e9szekb\u0151l \u00e1ll\u00f3 zenekar m\u0171sor\u00e1val.<\/p>\n\n\n\n<p>A zenekar tagjai: <strong>Hrutka R\u00f3bert<\/strong> \u2013 git\u00e1r, \u00e9nek; <strong>Mark\u00f3 \u00c1d\u00e1m<\/strong> \u2013 dob; <strong>Feh\u00e9rv\u00e1ri Attila<\/strong> \u2013 basszusgit\u00e1r; <strong>Kalmus Felici\u00e1n<\/strong> \u2013 csell\u00f3; <strong>Galambos Zolt\u00e1n<\/strong> \u2013 zongora; <strong>Dely Domonkos<\/strong> \u2013 perka, vok\u00e1l.<\/p>","protected":false},"excerpt":{"rendered":"<p>Hrutka R\u00f3bert Artisjus- \u00e9s Fonogram-d\u00edjas zeneszerz\u0151 k\u00fcl\u00f6nleges koncertre v\u00e1rja a k\u00f6z\u00f6ns\u00e9get 2025. j\u00fanius 26-\u00e1n, cs\u00fct\u00f6rt\u00f6k este 19 \u00f3rakor a Rumbach Sebesty\u00e9n utcai zsinag\u00f3g\u00e1ban. A m\u0171sorban sz\u00ednpadra l\u00e9p k\u00e9t kiv\u00e9teles tehets\u00e9g\u0171 m\u0171v\u00e9szn\u0151, F\u00fcr Anik\u00f3 \u00e9s Schmidt Vera is. Jegy\u00e1rak: 6500 forint. Ezen az est\u00e9n a vers, a zene \u00e9s a gondolatok h\u00e1rmasa olyan vil\u00e1ga id\u00e9z\u0151dik meg, [&hellip;]<\/p>","protected":false},"featured_media":1135,"parent":0,"menu_order":0,"template":"","meta":{"_acf_changed":true},"categories":[],"tags":[],"class_list":["post-1134","esemeny","type-esemeny","status-publish","has-post-thumbnail","hentry"],"acf":[],"_links":{"self":[{"href":"https:\/\/rumbachzsinagoga.hu\/en\/wp-json\/wp\/v2\/esemeny\/1134","targetHints":{"allow":["GET"]}}],"collection":[{"href":"https:\/\/rumbachzsinagoga.hu\/en\/wp-json\/wp\/v2\/esemeny"}],"about":[{"href":"https:\/\/rumbachzsinagoga.hu\/en\/wp-json\/wp\/v2\/types\/esemeny"}],"wp:featuredmedia":[{"embeddable":true,"href":"https:\/\/rumbachzsinagoga.hu\/en\/wp-json\/wp\/v2\/media\/1135"}],"wp:attachment":[{"href":"https:\/\/rumbachzsinagoga.hu\/en\/wp-json\/wp\/v2\/media?parent=1134"}],"wp:term":[{"taxonomy":"category","embeddable":true,"href":"https:\/\/rumbachzsinagoga.hu\/en\/wp-json\/wp\/v2\/categories?post=1134"},{"taxonomy":"post_tag","embeddable":true,"href":"https:\/\/rumbachzsinagoga.hu\/en\/wp-json\/wp\/v2\/tags?post=1134"}],"curies":[{"name":"wp","href":"https:\/\/api.w.org\/{rel}","templated":true}]}}

Hrutka Róbert: Láthatatlan szépség Für Anikóval és Schmidt Verával

<p><strong>Hrutka Róbert Artisjus- és Fonogram-díjas zeneszerző különleges koncertre várja a közönséget 2025. június 26-án, csütörtök este 19 órakor a Rumbach Sebestyén utcai zsinagógában. A műsorban színpadra lép két kivételes tehetségű művésznő, Für Anikó és Schmidt Vera is. Jegyárak: 6500 forint.</strong></p>



<p>Ezen az estén a vers, a zene és a gondolatok hármasa olyan világa idéződik meg, amelyben feltárul a láthatatlan&#8230; Hiszen vannak pillanatok, amiket elfelejtünk megélni&#8230; Vannak dallamok, amiket nem hallunk meg&#8230; Versek, amelyek olvasatlanok maradnak&#8230; És ha olykor úgy érezzük, egyedül maradtunk a világban, csak hagynunk kell, hadd mutassa meg magát az a titokzatos valami, ami észrevétlenül is körbevesz minket: a láthatatlan szépség.</p>



<p>Hrutka Róbert zeneszerzői és énekesi munkásságát számos hazai és külföldi előadónak, színésznőnek írt dal, valamint színházi, balett- és filmzenei kompozíció fémjelzi. A kortárs költők, írók barátsága és a közös irodalmi estek hívták életre ezt az érzelmekben gazdag, zenés utazást a kiváló zenészekből álló zenekar műsorával.</p>



<p>A zenekar tagjai: <strong>Hrutka Róbert</strong> – gitár, ének; <strong>Markó Ádám</strong> – dob; <strong>Fehérvári Attila</strong> – basszusgitár; <strong>Kalmus Felicián</strong> – cselló; <strong>Galambos Zoltán</strong> – zongora; <strong>Dely Domonkos</strong> – perka, vokál.</p>

<p>Hrutka Róbert Artisjus- és Fonogram-díjas zeneszerző különleges koncertre várja a közönséget 2025. június 26-án, csütörtök este 19 órakor a Rumbach Sebestyén utcai zsinagógában. A műsorban színpadra lép két kivételes tehetségű művésznő, Für Anikó és Schmidt Vera is. Jegyárak: 6500 forint. Ezen az estén a vers, a zene és a gondolatok hármasa olyan világa idéződik meg, [&hellip;]</p>
