{"id":1140,"date":"2025-10-03T13:31:19","date_gmt":"2025-10-03T13:31:19","guid":{"rendered":"https:\/\/rumbachzsinagoga.hu\/?post_type=esemeny&#038;p=1140"},"modified":"2025-10-03T13:36:16","modified_gmt":"2025-10-03T13:36:16","slug":"omike","status":"publish","type":"esemeny","link":"https:\/\/rumbachzsinagoga.hu\/en\/esemeny\/omike\/","title":{"rendered":"OMIKE"},"content":{"rendered":"<p>Rossini, Mozart \u00e9s Sn\u00e9tberger az OMIKE Esten: 2025. okt\u00f3ber 26-\u00e1n 19.00-kor a Rumbach utcai zsinag\u00f3g\u00e1ban!<\/p>\n\n\n\n<p>V\u00e9gre \u00fajra indulnak az OMIKE Estek az \u0151szi szezonban!<\/p>\n\n\n\n<p>Az els\u0151: okt\u00f3ber 26-\u00e1n lesz, amelyre ism\u00e9telten egy k\u00fcl\u00f6nleges m\u0171sorral k\u00e9sz\u00fcl\u00fcnk.<\/p>\n\n\n\n<p>Az estet a h\u00e9ber bet\u0171 tan\u00edt\u00e1s\u00e1val kezdj\u00fck, amelyet Zeitler \u00c1d\u00e1m rabbi \u00e9s Ger\u0151 Hanna tan\u00edtj\u00e1k meg nek\u00fcnk.<\/p>\n\n\n\n<p>Fischer Iv\u00e1n \u00e1ltal alap\u00edtott Eur\u00f3pai Zenekari Akad\u00e9mia zen\u00e9szei tolm\u00e1csol\u00e1s\u00e1ban csend\u00fcl fel:<\/p>\n\n\n\n<p>Giacomo Rossini: Duett Csell\u00f3ra \u00e9s nagyb\u0151g\u0151re<br>Ziv Wainer Bobrowicz \u2013 fagott<br>Puporka Jen\u0151 \u2013 nagyb\u0151g\u0151<\/p>\n\n\n\n<p>W. A. Mozart: Esz dur k\u00fcrt quintett, K 407\/386c<br>Harangoz\u00f3 M\u00e1t\u00e9 &#8211; k\u00fcrt<br>Marta Dettlaff \u2013 heged\u0171<br>Harriet Joy Quick \u00e9s Z\u00e1rbok Zita \u2013 br\u00e1csa<br>Pietro Silvestri \u2013 csell\u00f3<\/p>\n\n\n\n<p>Az els\u0151 r\u00e9sz az irodalommal z\u00e1rul:<\/p>\n\n\n\n<p>Polg\u00e1r Csaba \u2013 az \u00d6rk\u00e9ny Sz\u00ednh\u00e1z m\u0171v\u00e9sze \u2013 olvas fel: Parti Nagy Lajos &#8211; R\u00e9z P\u00e1l: Bok\u00e1ig pezsg\u0151ben, r\u00e9szletek egy memo\u00e1rb\u00f3l c. k\u00f6tet\u00e9b\u0151l. (B\u00edr\u00f3 Kriszta szerkeszt\u00e9s\u00e9ben)<\/p>\n\n\n\n<p>A sz\u00fcnet ut\u00e1n pedig Sn\u00e9tberger Ferenc sz\u00f3l\u00f3 koncertje k\u00f6vetkezik.<\/p>\n\n\n\n<p><\/p>\n\n\n\n<p><\/p>","protected":false},"excerpt":{"rendered":"<p>Rossini, Mozart \u00e9s Sn\u00e9tberger az OMIKE Esten: 2025. okt\u00f3ber 26-\u00e1n 19.00-kor a Rumbach utcai zsinag\u00f3g\u00e1ban! V\u00e9gre \u00fajra indulnak az OMIKE Estek az \u0151szi szezonban! Az els\u0151: okt\u00f3ber 26-\u00e1n lesz, amelyre ism\u00e9telten egy k\u00fcl\u00f6nleges m\u0171sorral k\u00e9sz\u00fcl\u00fcnk. Az estet a h\u00e9ber bet\u0171 tan\u00edt\u00e1s\u00e1val kezdj\u00fck, amelyet Zeitler \u00c1d\u00e1m rabbi \u00e9s Ger\u0151 Hanna tan\u00edtj\u00e1k meg nek\u00fcnk. Fischer Iv\u00e1n \u00e1ltal [&hellip;]<\/p>","protected":false},"featured_media":1011,"parent":0,"menu_order":0,"template":"","meta":{"_acf_changed":false},"categories":[],"tags":[],"class_list":["post-1140","esemeny","type-esemeny","status-publish","has-post-thumbnail","hentry"],"acf":[],"_links":{"self":[{"href":"https:\/\/rumbachzsinagoga.hu\/en\/wp-json\/wp\/v2\/esemeny\/1140","targetHints":{"allow":["GET"]}}],"collection":[{"href":"https:\/\/rumbachzsinagoga.hu\/en\/wp-json\/wp\/v2\/esemeny"}],"about":[{"href":"https:\/\/rumbachzsinagoga.hu\/en\/wp-json\/wp\/v2\/types\/esemeny"}],"wp:featuredmedia":[{"embeddable":true,"href":"https:\/\/rumbachzsinagoga.hu\/en\/wp-json\/wp\/v2\/media\/1011"}],"wp:attachment":[{"href":"https:\/\/rumbachzsinagoga.hu\/en\/wp-json\/wp\/v2\/media?parent=1140"}],"wp:term":[{"taxonomy":"category","embeddable":true,"href":"https:\/\/rumbachzsinagoga.hu\/en\/wp-json\/wp\/v2\/categories?post=1140"},{"taxonomy":"post_tag","embeddable":true,"href":"https:\/\/rumbachzsinagoga.hu\/en\/wp-json\/wp\/v2\/tags?post=1140"}],"curies":[{"name":"wp","href":"https:\/\/api.w.org\/{rel}","templated":true}]}}

<p>Rossini, Mozart és Snétberger az OMIKE Esten: 2025. október 26-án 19.00-kor a Rumbach utcai zsinagógában!</p>



<p>Végre újra indulnak az OMIKE Estek az őszi szezonban!</p>



<p>Az első: október 26-án lesz, amelyre ismételten egy különleges műsorral készülünk.</p>



<p>Az estet a héber betű tanításával kezdjük, amelyet Zeitler Ádám rabbi és Gerő Hanna tanítják meg nekünk.</p>



<p>Fischer Iván által alapított Európai Zenekari Akadémia zenészei tolmácsolásában csendül fel:</p>



<p>Giacomo Rossini: Duett Csellóra és nagybőgőre<br>Ziv Wainer Bobrowicz – fagott<br>Puporka Jenő – nagybőgő</p>



<p>W. A. Mozart: Esz dur kürt quintett, K 407/386c<br>Harangozó Máté &#8211; kürt<br>Marta Dettlaff – hegedű<br>Harriet Joy Quick és Zárbok Zita – brácsa<br>Pietro Silvestri – cselló</p>



<p>Az első rész az irodalommal zárul:</p>



<p>Polgár Csaba – az Örkény Színház művésze – olvas fel: Parti Nagy Lajos &#8211; Réz Pál: Bokáig pezsgőben, részletek egy memoárból c. kötetéből. (Bíró Kriszta szerkesztésében)</p>



<p>A szünet után pedig Snétberger Ferenc szóló koncertje következik.</p>



<p></p>



<p></p>

<p>Rossini, Mozart és Snétberger az OMIKE Esten: 2025. október 26-án 19.00-kor a Rumbach utcai zsinagógában! Végre újra indulnak az OMIKE Estek az őszi szezonban! Az első: október 26-án lesz, amelyre ismételten egy különleges műsorral készülünk. Az estet a héber betű tanításával kezdjük, amelyet Zeitler Ádám rabbi és Gerő Hanna tanítják meg nekünk. Fischer Iván által [&hellip;]</p>
