{"id":1159,"date":"2026-04-01T10:04:59","date_gmt":"2026-04-01T10:04:59","guid":{"rendered":"https:\/\/rumbachzsinagoga.hu\/?post_type=esemeny&#038;p=1159"},"modified":"2026-04-01T10:15:17","modified_gmt":"2026-04-01T10:15:17","slug":"szolidaritas-es-zsidosag-kozossegi-vita-a-rumbachban","status":"publish","type":"esemeny","link":"https:\/\/rumbachzsinagoga.hu\/en\/esemeny\/szolidaritas-es-zsidosag-kozossegi-vita-a-rumbachban\/","title":{"rendered":"Szolidarit\u00e1s \u00e9s zsid\u00f3s\u00e1g- K\u00f6z\u00f6ss\u00e9gi vita a Rumbachban"},"content":{"rendered":"<p><strong>2026.04.15. 19:00<\/strong><br>Ingyenes de regisztr\u00e1ci\u00f3hoz k\u00f6t\u00f6tt:<br><a href=\"https:\/\/cooltix.hu\/event\/6989d9323054a8d01d555ac0\">https:\/\/cooltix.hu\/event\/6989d9323054a8d01d555ac0<\/a><br><br>A szolidarit\u00e1s hat\u00e1rai \u00e9s lehet\u0151s\u00e9gei \u2013 vita a zsid\u00f3 k\u00f6z\u00f6ss\u00e9g felel\u0151ss\u00e9g\u00e9r\u0151l<br>Alap\u00e9rt\u00e9k-e ma is a szolidarit\u00e1s? \u00c9s ha igen: kivel, meddig, milyen felt\u00e9telekkel?<br>Ezen az est\u00e9n arr\u00f3l besz\u00e9lget\u00fcnk, hogy a zsid\u00f3 k\u00f6z\u00f6ss\u00e9g hogyan viszonyult \u2013 \u00e9s viszonyul ma \u2013 m\u00e1s kiszolg\u00e1ltatott helyzetben l\u00e9v\u0151 kisebbs\u00e9gi csoportokhoz. Mennyire jelenik meg a szolidarit\u00e1s a gyakorlatban, \u00e9s mennyire elv\u00e1r\u00e1s m\u00e1sok fel\u00e9 a saj\u00e1t t\u00f6rt\u00e9nelmi tapasztalatok f\u00e9ny\u00e9ben?<\/p>\n\n\n\n<p>Kiindul\u00f3pontunk lehet \u00d6rk\u00e9ny Istv\u00e1n gondolata: \u201eA legt\u00f6bb, amit egyik ember a m\u00e1siknak adhat, az a szolidarit\u00e1s.\u201d A rabbinikus hagyom\u00e1ny szerint m\u00e9g az is sz\u00e1m\u00edthat a k\u00f6z\u00f6ss\u00e9g figyelm\u00e9re \u00e9s tisztelet\u00e9re, aki elt\u00e9r a t\u00f6bbs\u00e9gt\u0151l. De vajon mennyire \u00e9l ma ez az eszm\u00e9ny?<\/p>\n\n\n\n<p>A besz\u00e9lget\u00e9s sor\u00e1n t\u00f6bbek k\u00f6z\u00f6tt ezekre a k\u00e9rd\u00e9sekre keress\u00fck a v\u00e1laszt:<br>&#8211; Milyen vall\u00e1si \u00e9s kultur\u00e1lis gy\u00f6kerei vannak a szolidarit\u00e1snak a zsid\u00f3 hagyom\u00e1nyban?<br>&#8211; Mennyire szolid\u00e1ris ma a zsid\u00f3 k\u00f6z\u00f6ss\u00e9g a saj\u00e1t tagjaival \u2013 \u00e9s m\u00e1s, r\u00e1szorul\u00f3 csoportokkal?<br>&#8211; Hol h\u00faz\u00f3dnak a szolidarit\u00e1s hat\u00e1rai?<br>&#8211; \u00c9s milyen lenne az ide\u00e1lis viszony egym\u00e1shoz egy soksz\u00edn\u0171 t\u00e1rsadalomban?<\/p>\n\n\n\n<p>Az est nemcsak azoknak sz\u00f3l, akiknek m\u00e1r van hat\u00e1rozott v\u00e9lem\u00e9ny\u00fck, hanem azoknak is, akik ink\u00e1bb k\u00e9rd\u00e9sekkel \u00e9rkeznek. Gyere el hallgat\u00f3nak \u2013 \u00e9s ha kedved van, kapcsol\u00f3dj be a besz\u00e9lget\u00e9sbe!<br>Egy nyitott, \u0151szinte vit\u00e1ra h\u00edvunk, ahol nem k\u00e9sz v\u00e1laszokat keres\u00fcnk, hanem k\u00f6z\u00f6sen gondolkodunk.<\/p>\n\n\n\n<p>Vend\u00e9gek:<br>&#8211; B\u00fcchler Tam\u00e1s, projektkoordin\u00e1tor \u2013 Minority Rights Grou<br>&#8211; Darvas Istv\u00e1n, rabbi<br>&#8211; Kunos Zsuzsanna, kriminol\u00f3gia doktorandusz, a TASZ kor\u00e1bbi munkat\u00e1rsa<br>&#8211; Sch\u00f6nberger \u00c1d\u00e1m, k\u00f6z\u00f6ss\u00e9gszervez\u0151 \u2013 Marom Egyes\u00fclet<br><strong>Moder\u00e1l:<\/strong> \u0150ri \u00c1d\u00e1m, \u00fajs\u00e1g\u00edr\u00f3<\/p>","protected":false},"excerpt":{"rendered":"<p>2026.04.15. 19:00Ingyenes de regisztr\u00e1ci\u00f3hoz k\u00f6t\u00f6tt:https:\/\/cooltix.hu\/event\/6989d9323054a8d01d555ac0 A szolidarit\u00e1s hat\u00e1rai \u00e9s lehet\u0151s\u00e9gei \u2013 vita a zsid\u00f3 k\u00f6z\u00f6ss\u00e9g felel\u0151ss\u00e9g\u00e9r\u0151lAlap\u00e9rt\u00e9k-e ma is a szolidarit\u00e1s? \u00c9s ha igen: kivel, meddig, milyen felt\u00e9telekkel?Ezen az est\u00e9n arr\u00f3l besz\u00e9lget\u00fcnk, hogy a zsid\u00f3 k\u00f6z\u00f6ss\u00e9g hogyan viszonyult \u2013 \u00e9s viszonyul ma \u2013 m\u00e1s kiszolg\u00e1ltatott helyzetben l\u00e9v\u0151 kisebbs\u00e9gi csoportokhoz. Mennyire jelenik meg a szolidarit\u00e1s a gyakorlatban, [&hellip;]<\/p>","protected":false},"featured_media":0,"parent":0,"menu_order":0,"template":"","meta":{"_acf_changed":true},"categories":[],"tags":[],"class_list":["post-1159","esemeny","type-esemeny","status-publish","hentry"],"acf":[],"_links":{"self":[{"href":"https:\/\/rumbachzsinagoga.hu\/en\/wp-json\/wp\/v2\/esemeny\/1159","targetHints":{"allow":["GET"]}}],"collection":[{"href":"https:\/\/rumbachzsinagoga.hu\/en\/wp-json\/wp\/v2\/esemeny"}],"about":[{"href":"https:\/\/rumbachzsinagoga.hu\/en\/wp-json\/wp\/v2\/types\/esemeny"}],"wp:attachment":[{"href":"https:\/\/rumbachzsinagoga.hu\/en\/wp-json\/wp\/v2\/media?parent=1159"}],"wp:term":[{"taxonomy":"category","embeddable":true,"href":"https:\/\/rumbachzsinagoga.hu\/en\/wp-json\/wp\/v2\/categories?post=1159"},{"taxonomy":"post_tag","embeddable":true,"href":"https:\/\/rumbachzsinagoga.hu\/en\/wp-json\/wp\/v2\/tags?post=1159"}],"curies":[{"name":"wp","href":"https:\/\/api.w.org\/{rel}","templated":true}]}}

Szolidaritás és zsidóság- Közösségi vita a Rumbachban

<p><strong>2026.04.15. 19:00</strong><br>Ingyenes de regisztrációhoz kötött:<br><a href="https://cooltix.hu/event/6989d9323054a8d01d555ac0">https://cooltix.hu/event/6989d9323054a8d01d555ac0</a><br><br>A szolidaritás határai és lehetőségei – vita a zsidó közösség felelősségéről<br>Alapérték-e ma is a szolidaritás? És ha igen: kivel, meddig, milyen feltételekkel?<br>Ezen az estén arról beszélgetünk, hogy a zsidó közösség hogyan viszonyult – és viszonyul ma – más kiszolgáltatott helyzetben lévő kisebbségi csoportokhoz. Mennyire jelenik meg a szolidaritás a gyakorlatban, és mennyire elvárás mások felé a saját történelmi tapasztalatok fényében?</p>



<p>Kiindulópontunk lehet Örkény István gondolata: „A legtöbb, amit egyik ember a másiknak adhat, az a szolidaritás.” A rabbinikus hagyomány szerint még az is számíthat a közösség figyelmére és tiszteletére, aki eltér a többségtől. De vajon mennyire él ma ez az eszmény?</p>



<p>A beszélgetés során többek között ezekre a kérdésekre keressük a választ:<br>&#8211; Milyen vallási és kulturális gyökerei vannak a szolidaritásnak a zsidó hagyományban?<br>&#8211; Mennyire szolidáris ma a zsidó közösség a saját tagjaival – és más, rászoruló csoportokkal?<br>&#8211; Hol húzódnak a szolidaritás határai?<br>&#8211; És milyen lenne az ideális viszony egymáshoz egy sokszínű társadalomban?</p>



<p>Az est nemcsak azoknak szól, akiknek már van határozott véleményük, hanem azoknak is, akik inkább kérdésekkel érkeznek. Gyere el hallgatónak – és ha kedved van, kapcsolódj be a beszélgetésbe!<br>Egy nyitott, őszinte vitára hívunk, ahol nem kész válaszokat keresünk, hanem közösen gondolkodunk.</p>



<p>Vendégek:<br>&#8211; Büchler Tamás, projektkoordinátor – Minority Rights Grou<br>&#8211; Darvas István, rabbi<br>&#8211; Kunos Zsuzsanna, kriminológia doktorandusz, a TASZ korábbi munkatársa<br>&#8211; Schönberger Ádám, közösségszervező – Marom Egyesület<br><strong>Moderál:</strong> Őri Ádám, újságíró</p>

<p>2026.04.15. 19:00Ingyenes de regisztrációhoz kötött:https://cooltix.hu/event/6989d9323054a8d01d555ac0 A szolidaritás határai és lehetőségei – vita a zsidó közösség felelősségérőlAlapérték-e ma is a szolidaritás? És ha igen: kivel, meddig, milyen feltételekkel?Ezen az estén arról beszélgetünk, hogy a zsidó közösség hogyan viszonyult – és viszonyul ma – más kiszolgáltatott helyzetben lévő kisebbségi csoportokhoz. Mennyire jelenik meg a szolidaritás a gyakorlatban, [&hellip;]</p>
